 Is 2*(q - (-22602)/12) a composite number?
True
Let v = -469 + 466. Is (18/14)/v + 799886/301 a prime number?
True
Let j(g) = -182*g**2 + g + 139067. Is j(0) a prime number?
True
Let t = -264 - -266. Let h(l) = 73*l**3 - l**2 + l + 5. Is h(t) a composite number?
False
Suppose 5*b - 4498 = -5*x + 8097, -b + 4*x = -2499. Let a = -756 + b. Is a composite?
False
Let c = -378254 + 545725. Is c prime?
True
Let a(n) = 10*n**2 + 5*n + 4. Let k be a(-2). Suppose k*y - 557 = 33*y. Is y a composite number?
False
Let c = 84588 - -63229. Is c prime?
False
Let u(a) = a + 16*a**2 + 3*a + 3*a**2 + a - 25 + 8*a. Let n = -32 - -15. Is u(n) composite?
True
Is ((-6919839)/18 - 3)*-2 prime?
False
Let z(l) = l**3 + 24*l**2 + 32*l + 46. Suppose -2*i - 1 = -11, 2*o - 4*i = 152. Let c = o - 107. Is z(c) a composite number?
True
Let f = 30 - 28. Suppose -c = b + 22, -2*c = f*c + 5*b + 89. Is (-1437)/2*14/c prime?
True
Let x = 213755 - 105586. Is x a composite number?
True
Is 32320 + 155 - 16/2 a composite number?
False
Suppose -2*j = q + 1006, -3*j - 5 = -2. Let r = -135 - q. Is r a composite number?
True
Is 38797272/1060 - (-11)/(-5) prime?
True
Is 9303 - (4/(-38) + (-2886)/(-703)) prime?
False
Let n(s) = -s**2 + s + 1. Let o(f) = 170*f**2 + 29*f + 43. Let h(m) = -6*n(m) + o(m). Is h(-4) a composite number?
True
Let d(f) be the first derivative of -3/4*f**4 - 7 - 5/2*f**2 - 4/3*f**3 - 7*f. Is d(-5) a composite number?
False
Let h(b) = -b**2 + 17*b - 43. Let o be h(7). Let a be o/(-108) + (-43)/4. Let t(u) = -u**3 - u**2 + 9*u + 6. Is t(a) composite?
False
Suppose 5*h - 2*s - 12446 = 2*h, -2*s = 4*h - 16576. Suppose -2*o - 4*o = -h. Suppose -t + 0*t = -o. Is t prime?
True
Suppose -144 = 6*h - 10*h. Suppose 2*l - 190 - h = 0. Suppose -b + a + a + l = 0, -103 = -b - 3*a. Is b a composite number?
False
Is (-1049589)/(-18) + 9/(-6) a prime number?
True
Suppose -88221 = -67*g - 7352. Is g composite?
True
Let l(y) = -13*y + 1931. Let j = 56 - 56. Is l(j) a prime number?
True
Let p = 27 + -24. Suppose 4 = p*d - 8. Suppose d*j = 5*z - 1005, -2*z - 27 = j - 429. Is z composite?
True
Let m(q) = 12*q**3 - 246*q**2 + 5*q - 13. Is m(40) a composite number?
False
Let z(m) = 90372*m + 227. Is z(1) a composite number?
False
Is (-2)/33 - 7/(693/(-10508163)) composite?
True
Suppose 58*g = 59*g - 3. Suppose -4*w + 5*k + 23 = 0, -g*w - 4*k - 3 = 3. Suppose 0 = -2*n - 4*s + 178, -w*n - 5*s = -22 - 157. Is n a prime number?
False
Suppose 4*d + 9 = 17. Let o(n) = 670*n - 1. Is o(d) prime?
False
Let c be -6*((-54)/(-12) + -5). Is 34151/c - 7/(-105)*-10 a prime number?
True
Let k = 43 + -33. Suppose 2*t - k*t + 3272 = 0. Let v = t + 1129. Is v a composite number?
True
Suppose -j - 2 = 2*h + 2*j, -5*h = 5*j. Suppose -1 = -f - t, f - h*t - 9 = t. Suppose f*m = n + 365 + 239, -4*m - n + 817 = 0. Is m a prime number?
False
Suppose 4*t - 4221 = 1335. Suppose -2*w = g + t + 32, -w = -4*g + 733. Let q = -390 - w. Is q a composite number?
True
Let d(t) = 10*t**2 + 4 - 2*t + t - 5*t - t**3 - 6*t - 3*t. Let y be (-4)/(8/(-3) - -2). Is d(y) prime?
False
Let j be 1 + (-9)/(-3) - 330752/16. Is (-2)/(-8 - -16)*j composite?
False
Suppose 10 = 5*u + 5*q, -4*u - q = -u - 6. Suppose -m = -0 - u. Is 417/2 - m/(-4) a composite number?
True
Suppose 5*m = 3*k + 22, 5*k = 6*m - 3*m - 26. Suppose -136741 = -5*g + m*o, -4*o = 3*g - 3511 - 78544. Is g a composite number?
True
Is (-18 - -3 - -16) + 17706 prime?
True
Let n be ((-26429)/76)/(1/(-16)). Suppose 4061 + n = 11*i. Let u = i - 432. Is u a prime number?
True
Let l(u) = 6*u**3 - 396*u**2 + 185*u + 161. Is l(94) a composite number?
False
Suppose s - 6*s - v - 439 = 0, 4*s + 351 = -v. Let g = -75 - s. Suppose -8*a = -g*a + 20525. Is a a composite number?
True
Let n(i) = 57*i**2 - 31*i - 1. Let o be n(-14). Suppose 5*t - x = o, -6*t + 11605 = -t + x. Is t composite?
True
Suppose -3*k = 3*u - 585885, -5*u - 58934 + 449515 = 2*k. Is k a prime number?
False
Let r = 1284642 + -389113. Is r a prime number?
True
Let h = -145 + 138. Let w(i) = -5*i - 11 - i + 5*i**2 + 11. Is w(h) a composite number?
True
Let w(u) be the third derivative of 5029*u**5/60 - 3*u**4/8 - 11*u**3/6 + u**2 + 221. Is w(-1) a prime number?
False
Let v be (-1)/2 + 13/((-182)/(-314895)). Let g = v + -13541. Is g composite?
False
Let h be (-12)/9*54/(-24). Suppose -i + 1770 = t, -i - h*i + 7073 = -3*t. Is i composite?
True
Suppose 0 = 7*r - i - 9422631, 5*i = r + 10*i - 1346121. Is r composite?
True
Let t(f) = 46*f**3 + 26*f**2 + 12*f + 11. Let h(w) = 94*w**3 + 50*w**2 + 24*w + 20. Let i(l) = 6*h(l) - 11*t(l). Is i(7) a prime number?
True
Let q(j) = j**3 + 37*j**2 - 17*j + 23. Let y(i) = -i**2 - 24*i - 36. Let n be y(-24). Is q(n) a prime number?
True
Suppose 20*i + 1507 + 1193 = 0. Is (27/i)/((-6)/10)*23973 prime?
False
Let j(z) = 3*z**2 + z. Let n(s) = -6*s + 28. Let t be n(5). Let b be j(t). Is (-2)/(-10) - (-5808)/b a composite number?
True
Let b(x) = 3*x + 15. Let r be b(-12). Is ((-27622)/r)/(10/45) composite?
True
Suppose 0 = -2*c + 39*c - 34119340 + 4693499. Is c a prime number?
False
Let k be -3 + 1 - -2857 - -3. Let o = 6594 - k. Let j = 5429 - o. Is j prime?
True
Let p be 4/(-3)*(22 - 19). Let c(o) = -2*o - 8. Let v be c(p). Is (v - (-1 + 0))/(-1)*-701 a composite number?
False
Let k = 346989 - 242128. Is k a prime number?
False
Let d(u) = 841292*u**3 - 14*u**2 + 13*u. Is d(1) composite?
True
Let d be (-1)/(-2) + (-1270)/(-20). Let g = d + -64. Suppose g = -n - 0*n + 38. Is n composite?
True
Let t(p) = -p**3 - 15*p**2 - 19*p + 47. Let d be t(-13). Let r = d - -615. Is r composite?
False
Suppose 0*k = 2*k - 4*s - 2546, 0 = -k + 5*s + 1267. Let m = 286 + k. Is m prime?
False
Suppose -2*w + 7*w = 570. Suppose c = 51*c - 187350. Suppose -w = 7*a - c. Is a composite?
True
Let t = -120 + 130. Suppose -5*s = -t, 5*s = 3*w - 73 - 28. Is w composite?
False
Let t(m) be the third derivative of 7*m**6/60 - 2*m**5/15 - m**4/6 + m**3/2 - 18*m**2 + m. Is t(7) a composite number?
True
Suppose -328 = -32*s - 9*s. Suppose s*r = 15*r - 61019. Is r a prime number?
False
Is 6/8*(-511552)/(-16) composite?
True
Let a(c) = c**3 + 9*c**2 - 39*c - 2. Let o be a(-12). Suppose 39*z = o*z + 4385. Is z a composite number?
False
Let s = 5509 - 2631. Suppose -2154 = -8*z + s. Suppose -z = 21*n - 22*n. Is n prime?
False
Let x(z) = -4*z**3 - 11*z**2 + 25*z - 347. Is x(-27) composite?
False
Let f = -703 + 754. Suppose f*k - 54*k + 12 = 0, 3*k - 55582 = -2*j. Is j prime?
False
Let d be (-4)/(-6) + 72394/21. Let v = d - 1001. Is v composite?
False
Let t = 1454 - -3597. Is t prime?
True
Suppose -4*u + 9 = -11, 5*a - 5*u - 29645 = 0. Let g = a + -767. Is g composite?
False
Suppose 20*p - 7630558 = 1964142. Is p prime?
False
Suppose 5*b - 1519025 = 5*q, 3*b + 212988 = 2*q + 1124399. Is b a composite number?
True
Suppose -6*d - 20 = -10*d. Suppose 0 = 5*c - 4729 - 1381. Suppose 0 = d*m - 3612 + c. Is m prime?
False
Let d be (2 + 4)*(56/12 - 4). Suppose 5*t = 4*j, -2*j + 7*j = -d*t. Suppose -1823 = -t*c - c. Is c a composite number?
False
Let f(u) = -u**3 + 12*u**2 + u - 8. Let p be f(12). Let h be (-23319)/15 - p/10. Let d = 4188 + h. Is d composite?
False
Let j = 27526 - -2266. Suppose 18*g - 21*g - j = -n, 2*n = -4*g + 59614. Is n composite?
True
Let h = 199 - 324. Suppose -4*b - 12 = 0, -2*b + 1914 = 5*v - 0*b. Let a = v + h. Is a composite?
True
Is -1382226*(0 + 9/(-54))/1 a prime number?
False
Let m(b) = 6*b + 9. Let f be m(1). Let p(r) = 199*r - 68. Is p(f) prime?
True
Let p = 10919 + -4260. Is p composite?
False
Let n(l) = -2*l - 24. Let r be n(-5). Let i(x) = -x**3 - 15*x**2 - 13*x + 24. Let o be i(r). Suppose -3*s + s + o = 0, -2*s = 4*v - 3446. Is v prime?
True
Let b(k) = 4 + 80*k + 7 + 11 - 3. Is b(3) a composite number?
True
Suppose 11*j = 4*j - 56, 0 = -4*c + 2*j + 2346228. Is c a composite number?
True
Suppose 1965470 = 24*n + 3920441 - 11902947. Is n composite?
True
Let b = 9350 - -381. Let q = b + -1864. Is q composite?
False
Let t(i) = -7*i + 13. Let g(h) = 6*h - 14. Let f(x) = 2*g(x) + 3*t(x). Suppose 0 = -5*u + o - 62, -44 + 4 = 4*u + 4*o. Is f(u) composite?
True
Suppose 182*w - 364*w - 6 = -179*w. Let f(g) = 160*g**2 + 72*g - 2. Let j(o) = 64*o**2 + 29*o - 1. Let c(r) = 5*f(r) - 12*j(r). Is c(w) composite?